. Let r = o + a. List the prime factors of r.
2, 3
Let i(w) = -w**3 + 7*w**2 - 4*w - 8. Let p be i(6). Let u be (-2)/8 + 17/p. Suppose f = -2*n - u*f - 10, -4*n + 3*f = -32. List the prime factors of n.
5
Let i(a) = a**2 + 3*a - 22. What are the prime factors of i(-15)?
2, 79
Suppose -4*c = -0*c - j - 562, 5*c = j + 703. What are the prime factors of c?
3, 47
Let n(i) = 36*i**2 - i + 1. What are the prime factors of n(1)?
2, 3
Let b = -2 + 5. Suppose -2*k + t + 1 + 13 = 0, 0 = -3*k - b*t + 3. What are the prime factors of k?
5
List the prime factors of (-8)/5*(-50)/4.
2, 5
Suppose 3*k + 5*g - 23 = 0, k + 3*g - 12 - 1 = 0. Let u = k - -3. Suppose u*t = -0*t + 32. What are the prime factors of t?
2
Let z(t) = 24*t + 51. What are the prime factors of z(5)?
3, 19
Suppose 2*o + o - 157 = 4*t, 3*o + 5*t = 148. Let c = o - 25. Let i = c - 14. List the prime factors of i.
2, 3
Let y(h) = -10*h + 24. What are the prime factors of y(-10)?
2, 31
Let j(u) = u**2 - 3*u - 6. Let h be j(5). Let x = 19 - h. List the prime factors of x.
3, 5
Let b(i) = -2*i + 60. What are the prime factors of b(0)?
2, 3, 5
Let r(w) = w + 1. Let z be r(2). Suppose 0 = z*f - 4*f + 12. What are the prime factors of f?
2, 3
Suppose -4*v + m - 36 = -14, -27 = 5*v - m. Let r = -3 - v. Let u(w) = 2*w**2 + 2*w - 2. What are the prime factors of u(r)?
2, 5
Let b(v) = v**3 - 6*v**2 - 8*v + 10. Let k be b(7). Suppose 0 = 6*w - k*w - s - 10, 3*s + 3 = 0. List the prime factors of w.
3
Let m = -2 + 2. Suppose 3*f - 5 = -d + 2*f, d - 17 = -5*f. Suppose -4*x - 4*j + 26 - 2 = m, 4*x = -d*j + 16. List the prime factors of x.
2
Suppose 5*l - f = 5, 5*f = 3*l - 0*f - 3. Let q = l - -1. List the prime factors of (-37)/(-5) + q/(-5).
7
Let j = 90 + -73. What are the prime factors of j?
17
Suppose 2*h - 34 + 8 = 0. What are the prime factors of h?
13
Let d be 2/(-13) - (-279)/39. Let x = -5 + d. List the prime factors of x.
2
Suppose -10 = -v - v. Let k(g) = -3*g + 10. Let j be k(-13). Suppose 2*a - j = -3*s, 5 = 5*s + v*a - 85. What are the prime factors of s?
13
Let i(p) = p**2 + 5*p + 4. Let z be i(-4). Suppose 4*f + z*f = 16. List the prime factors of f.
2
Let i be ((-4)/(-10))/((-1)/15). Let j(w) = w + 6 + 6*w**2 + w**3 - w. What are the prime factors of j(i)?
2, 3
Let h(b) = b**2 - b - 4. Let z(o) = o**2 - 2*o. Let s be z(3). List the prime factors of h(s).
2
Let h(x) = -2*x - 1. Let q be h(-3). Let s(f) = f**2 - 3*f - 6. Let m be s(q). Let p(i) = 5*i - 5. List the prime factors of p(m).
3, 5
Suppose -14 = -4*k + 4*l - 2*l, -3*l - 15 = -4*k. Let f be k + -2 - 33/(-3). What are the prime factors of f - (2 - (2 + 0))?
2, 3
Suppose 14 = 3*j - 16. Suppose i - 13 + j = 0. What are the prime factors of i?
3
Let j = -8 + -10. Let q be (-4)/j - 394/(-9). Suppose 0 = -6*g + 2*g + q. List the prime factors of g.
11
Let o(d) = d**2 - d - 9. Let j(m) = -m**2 + m + 8. Let q(p) = -4*j(p) - 5*o(p). List the prime factors of q(0).
13
Let o(r) = -r**3 - 9*r**2 + 7*r - 8. Let p(f) = -5*f**3 - 44*f**2 + 34*f - 39. Let y(z) = 11*o(z) - 2*p(z). What are the prime factors of y(-12)?
2, 13
Suppose 0 = -0*q + 4*q. Suppose 5*s - 2*c - 85 - 13 = q, 2*s - 35 = 5*c. What are the prime factors of s?
2, 5
Let u(h) = -3*h. Let z(q) = q - 13. Let s be z(9). List the prime factors of u(s).
2, 3
Let q(v) = 5*v**2 + 1 - 4*v**3 + 3*v**2 - 6*v**2 - 3*v**2. What are the prime factors of q(-1)?
2
Let q = 58 + -24. What are the prime factors of q?
2, 17
Suppose 0 = 4*t - 3*d - 7, 30 = -7*t + 2*t - 4*d. What are the prime factors of t/7 - 228/(-14)?
2
What are the prime factors of 4*8*2 + -2 + 1?
3, 7
Suppose -c - 2*s + 4*s + 165 = 0, -336 = -2*c - 2*s. Suppose 2*o - 4*o + 4*j = -106, 0 = -4*o - j + c. Suppose 3*x - o = 8. What are the prime factors of x?
17
Let d be (-98)/(-35) - 2/(-10). Suppose -23 = -d*l + 22. What are the prime factors of l?
3, 5
Let f = 0 + 4. Suppose 0*q - 2*q + 75 = 3*s, -f*q - 34 = -2*s. What are the prime factors of s?
23
Let u = 27 - 12. Let o = u - 10. List the prime factors of o.
5
What are the prime factors of (-36)/(-198) - (-4066)/22?
5, 37
Suppose -x + 4*s - 2 = -0*s, -5*s - 5 = -2*x. List the prime factors of x/(-25) - 96/(-15).
2, 3
What are the prime factors of (3 - 2)/(2 - (-423)/(-213))?
71
Let t be (1 - 2)*(-3)/(-3). List the prime factors of -7*((-9)/7 - t).
2
Suppose -2*m + x = 3*m - 83, -4*x + 52 = 4*m. List the prime factors of m.
2
Let k(o) = 2*o. Let m be k(7). Suppose x - m = 2. List the prime factors of x.
2
Suppose 3*b + b - 12 = 0. Let n = b - -43. What are the prime factors of n?
2, 23
Suppose 0 = 2*n - 22 - 28. Let g be 1/4 - 1/4. Suppose 5*d - 50 - n = g. What are the prime factors of d?
3, 5
Let b be (0 - -1)/((-3)/9). Let j be 9/(-2)*2/b. Suppose 3*g - 4*n = j + 5, 3*n - 36 = -3*g. What are the prime factors of g?
2
Let w(v) = v. Let h be w(0). Suppose h = -7*k + 3*k + 16. Suppose 0 = k*q + g - 19, -3*g = 5*q - 4*g - 26. List the prime factors of q.
5
Suppose 7*o = 171 + 669. What are the prime factors of o?
2, 3, 5
Suppose -z + 18 = -g, -2*z = z + 4*g - 54. Suppose y + 27 = 2*b, 0 = -2*b - 4*y + y + 23. Let c = z - b. What are the prime factors of c?
5
Let o(w) = 15*w + 10. Let c(a) = -14*a - 9. Let n(s) = 7*c(s) + 6*o(s). List the prime factors of n(-2).
13
Let b = -40 - -43. List the prime factors of b.
3
Suppose 6 = -2*u + 14. Let h(z) = 5*z**3 + 7*z**2 - z - 14. Let x(r) = -2*r**3 - 2*r**2 + 5. Let w(j) = 3*h(j) + 8*x(j). What are the prime factors of w(u)?
2
Let q(t) = -t**2 - 15*t - 10. What are the prime factors of q(-10)?
2, 5
Let f be (-3 + 5)*(-3)/(-2). Suppose 0 = -j + f*d + 20, 3*j + d - 5 = -d. Suppose g - 2*s = -j*s + 17, 0 = 2*g - 4*s + 16. What are the prime factors of g?
2
Let p(i) = -i + 8. Let b(a) = a - 9. Let u(v) = -4*b(v) - 5*p(v). List the prime factors of u(13).
3
Let a = 27 - -55. What are the prime factors of a?
2, 41
Let q(v) = v**3 - 5*v**2 + 5*v + 1. List the prime factors of q(5).
2, 13
Suppose 425 - 124 = 3*j + 4*f, f + 540 = 5*j. List the prime factors of j.
107
Suppose -b + x = 2*b + 11, -25 = -5*x. Let d = 24 + -22. What are the prime factors of b*(1/1 - d)?
2
Let h = -163 + 366. List the prime factors of h.
7, 29
Suppose 0 = -2*x - 3*x + 30. Suppose 16 = -4*k + x*k. Suppose -3*q - 4*i = -2*i - 56, -2*i + k = 0. What are the prime factors of q?
2
Let v = 4 + -1. What are the prime factors of 6*(-3)/(-6)*v?
3
Let d(k) = k**2 + 1. Suppose 0 = 2*z - 3*r - 4 + 11, 0 = 4*z - 3*r + 11. What are the prime factors of d(z)?
5
Suppose 0 = -2*t - t + 9. Let y = 6 - t. What are the prime factors of y?
3
Let z be 106/6 - (3 - (-40)/(-12)). Let m(h) = -3*h + 2. Let t be m(3). List the prime factors of 12/t*(-63)/z.
2, 3
Let v be 0/(-2) + (3 - -9). Suppose 37 = 2*h + 5*a + 6, h = 3*a - v. Suppose w + 4*c + 10 = h*w, c = 5*w - 16. What are the prime factors of w?
3
Let x(g) = -g + 29. What are the prime factors of x(-15)?
2, 11
Let g(b) = -b**2 + 7*b - 4. Let k be g(3). Let o be 4/14 - (-10)/14. Let v = k + o. List the prime factors of v.
3
Let m(l) = 21 + 4*l - 2*l - 2*l + l. What are the prime factors of m(0)?
3, 7
Let w be 2/5 - 3357/(-45). Suppose w = 5*t - 55. List the prime factors of t.
2, 13
List the prime factors of (-32)/(-12)*174/8.
2, 29
Let t = -6 + 12. Let b = t + 3. Suppose -f = -1 - b. List the prime factors of f.
2, 5
Suppose 4*z - 41 = 3. What are the prime factors of z?
11
Suppose 3*x = -2*x + 20. Suppose -x*n + 6 = -n. What are the prime factors of n?
2
Let a = -9 + 22. Suppose 0 = 4*f + 5*u - 40, 3*f = -4*u + 18 + a. List the prime factors of f.
5
Let j(z) = 6*z**2 + 2*z - 3. Let f be j(2). Suppose -5*i = -5, -4*i - 9 = 3*g - f. List the prime factors of g.
2
Suppose r - 5*r + 96 = 4*w, -5*r - 64 = -3*w. What are the prime factors of w?
23
Suppose -3*a - 99 = -3*u, 6*u - 5*a - 105 = 3*u. What are the prime factors of u?
2, 3, 5
Let a be (-8)/(-10) - (-456)/30. Let v = a - -2. List the prime factors of v.
2, 3
Let t(p) = 15*p - 1. What are the prime factors of t(1)?
2, 7
Let x = 3 + 1. Suppose -3*m - 2*h + 42 = -m, 2*h + 72 = x*m. List the prime factors of m.
19
Suppose 0 = 7*n - 916 - 449. What are the prime factors of n?
3, 5, 13
Let t be (-4)/(-1*2) - 3. Let r = 4 + t. What are the prime factors of r?
3
Let l = 41 + -14. List the p